11 + 34 - 2 - 18.
28
What is the value of (1 - (11 + -2)) + -4 + (2 - 0)?
-10
14 - (-8 - (-17 + -12))
-7
Evaluate -7 + -1 + -9 + 4 + (4 - 16).
-25
What is -1 + (6 - (6 + -5)) + 6 + -6?
4
-6 - (-8 - (-27 + 25 + (-14 - -1)))
-13
Evaluate -5 + (-8 - -2 - (0 + -7)) - 1.
-5
(17 - 44) + (56 - 20)
9
What is (0 - 4) + (-82 - -78) + 2 + 15?
9
What is the value of (2 - (-5 - -2) - (51 - 48)) + 5?
7
1 + 5 + (76 - 70)
12
Evaluate (-10 - (1 + -4)) + (-45 - -37).
-15
Calculate 8 - 22 - -16 - (-5 - -1).
6
(31 - (49 - 15)) + (17 - 5)
9
Evaluate -359 - -355 - (-1 + 3 - 5).
-1
Calculate (1 - 2) + 1 + -24 + (505 - 501).
-20
What is -1 + 4 + -1 - (-35 + 39)?
-2
What is 4 - ((-3 - -8) + -6 - -8 - 2)?
-1
Evaluate (-1 - -6 - 3) + (-5 + -2 - -1).
-4
Evaluate 2 + -19 + 10 + -1.
-8
Evaluate (15 - (41 - 17)) + 21.
12
Calculate (1 - ((6 - 19) + 32)) + -5.
-23
Evaluate 10 + -1 + 10 + -2 + -8.
9
Evaluate 5 + (0 - 0) + (-7 - -14).
12
Evaluate 20 + 8 - (1 - -33).
-6
What is the value of -16 + (19 - -14) + -19?
-2
What is -33 + 12 + 2 - -8?
-11
Calculate -7 - 0 - 18 - -20.
-5
What is the value of -8 + (-2 - (15 + -30))?
5
23 + (-14 - -10) + -16
3
Calculate -48 - -45 - (2 + 7 + 2).
-14
What is the value of 29 - (17 + 3) - 20?
-11
What is (8 + 10 - 4 - -7) + 10?
31
Evaluate -40 + 25 + -59 + 39.
-35
(216 - 189) + (-17 - 0)
10
(145 - 153) + 2 + 1
-5
Calculate -12 + (2 - ((-12 - -8) + -2)).
-4
1 + (-1 - (-1 - 0)) + 129 + -140
-10
Calculate 4 + -1 - (-5 - (-3 - (-9 - -19))).
-5
Evaluate (-2 - -1) + (-12 - -23) + 99 + -105.
4
-2 + 38 - (-741 - -737)
40
What is (6 - (-8 - 6)) + -2?
18
What is the value of 19 + -37 - -35 - 16?
1
What is -5 - (-2 - -6 - (1 + 2) - -5)?
-11
Evaluate -1 + -12 + 4 + 1 + -9.
-17
Calculate -33 + -1 - (-22 - (-30 + (-18 - -35))).
-25
Calculate 3 - (2 - 8) - 18 - -9.
0
What is 1 - (-12 + 13 + -19)?
19
What is 8 + -137 + 108 + 2 + -2?
-21
-9 + 4 + 54 + -10 + 1 + 1
41
What is the value of 2 + (44 - 35 - (-1 - 0))?
12
What is -41 - 3 - -37 - (3 - (1 + -2))?
-11
Calculate (-2 - -2) + (9 + 0 - (-240 + 219)).
30
5 + -2 + -6 - -13
10
-9 + (8 + -5 - -9)
3
Evaluate (6 + -3 - (69 + -63)) + (-1 - 0).
-4
Evaluate -13 - ((-2 - 3) + 0).
-8
Calculate 3 + (15 - 15) + (5 - 0).
8
What is the value of (8 - (1 + 9 + 0)) + (6 - -1)?
5
What is -1 - -5 - (-2 + (-9 - -10) + -11)?
16
Evaluate -15 + 15 + (1 - 9) + (-13 - -13).
-8
1 + (-16 - (3 - 31))
13
Evaluate 1 + (-28 - (17 - 32)).
-12
What is 20 - 31 - -1 - (-1 - -9)?
-18
-17 - (-331 + 296 + 15 + -2)
5
What is -2 + 2 + 2 + -6 + 5 + 3?
4
127 + -131 - (-1 + -11 + 1)
7
Calculate -9 - (-12 - ((-15 - -15) + 12)).
15
What is (-8 - -7 - -10) + -2 - -2?
9
What is 9 + (-13 - (-28 + 17))?
7
Calculate 9 - (16 - 40) - 21.
12
What is 1 + (2 - (-4 - -41))?
-34
15 - (11 - (3 + 4 + 4))
15
What is the value of -3 - (-1 - (3 - -5)) - (-12 - -2)?
16
Evaluate -9 - (-25 - -13 - -26).
-23
What is the value of (10 - (0 - 15 - -12)) + -19?
-6
What is the value of -34 + (10 - -29) + 4?
9
-33 - (-8 - (-7 + 11))
-21
What is the value of 1 + 0 + 17 + -18 - -1?
1
What is the value of -18 + (1 - 4 - -16)?
-5
Calculate -11 - (-14 - -11) - -5.
-3
Evaluate -33 + -42 + 52 - (2 + 16).
-41
Calculate (-5 + -3 + 3 - -7) + 7.
9
What is the value of 2 - (5 - 0 - (15 + -20))?
-8
-1 + ((-1 - -4) + -13 + 10 - -6)
5
Evaluate 3 + (2 - (0 + -2 + (-14 - -12))).
9
What is (-128 - -103) + (-4 - -21)?
-8
-123 + 117 + (0 - 0) - -2
-4
Calculate 5 - (1 + 1 + (-9 + 8 - 6)).
10
Calculate 7 + (-12 - -19) - 2.
12
What is the value of 2 + 0 + (19 + -21 - (1 + -11))?
10
What is (-14 + 4 - -12) + 1 + 6?
9
Evaluate 4 + 0 + 16 + -7 + -14.
-1
(12 - (-26 + 32 + 0 + -21)) + 0
27
Evaluate (152 - 148 - (-5 - 1)) + -11.
-1
What is the value of -16 - (9 - (-23 - -31))?
-17
What is 3 + -1 + (14 - -4)?
20
What is the value of 12 - 1 - 1 - (2 + -2 + 11)?
-1
Calculate -9 - (2 - (0 + -8 + 13)).
-6
Evaluate 15 + 17 + -35 - -34.
31
What is -18 + (-22 - -39) + -8?
-9
What is -2 + 0 + 4 - (-1 + 9)?
-6
Evaluate -1 + (-1 - -29 - 30).
-3
Calculate 15 - (22 + 13) - -33.
13
What is -20 - (10 - (21 - 10))?
-19
Evaluate 20 + (0 - 14 - -4).
10
Calculate 16 + (-12 - 28) - -25.
1
15 - (-2 - 1 - (-26 + (53 - 29)))
16
-15 + 27 + -47 + 23
-12
Evaluate -16 - ((-15 - -1 - -3) + 3).
-8
Calculate -44 + (-60 - -81) + (-1 - (2 + 6)).
-32
What is 11 + (-7 - (-4 - (-6 - 3)))?
-1
2 - -2 - (-7 - (-16 - -4) - 0)
-1
Calculate -90 - -81 - ((1 - 1) + 8).
-17
What is -14 + 3 - (-11 - -1 - -4)?
-5
Calculate -29 + 17 + 0 + 0 + (6 - 1).
-7
Calculate (5 - -3) + (13 - (5 + (-9 - -12))).
13
Calculate 12 - (21 + -28 - (1 + 2)) - -1.
23
What is (-6 - (-12 + 6 + 2)) + 3?
1
What is the value of -2 + 23 + 6 + -27?
0
What is the value of -53 + 68 + 4 + -8?
11
2 - 9 - ((8 - -7) + -35)
13
Calculate (-2 - (26 - 2)) + (872 - 862).
-16
What is -11 + (13 - (-4 + 12))?
-6
Calculate (-8 - (2 + 5 + -32)) + -12.
5
What is -14 + 5 + -14 + (5 - 1)?
-19
Calculate -8 + 43 + -30 + 5.
10
(-2 - 20 - -3) + 27
8
Calculate -2 + 3 - 2 - (2 + 0 + -8).
5
Calculate -7 - (26 + -25 + -26).
18
-3 + 11 - (-11 - (-25 + 10))
4
What is 14 + (1 - -12 - 21)?
6
What is -9 + (35 - 18) + 0 + -3?
5
Calculate 2 - 4 - (-11 - (13 + -17)) - -17.
22
Evaluate -2 - -3 - (-1 + 21 - (-79 + 85)).
-13
-12 + 16 + -10 + 9 - -6
9
What is 2 + -3 + 39 + (-14 - 2 - -7)?
29
Calculate (-3 + 3 - 6) + 5 + 2.
1
Evaluate 0 - 14 - (10 - (7 + 14)).
-3
What is the value of -6 + (15 - (-9 + 22))?
-4
What is the value of (-27 - 10 - -7) + 20?
-10
What is the value of 428 - 432 - ((0 - 0) + -7)?
3
What is the value of -1 + 0 - (2 - (-9 - -9))?
-3
(-9 - ((-5 - 9) + 0)) + -5 + 0
0
-11 + (-10 - (-7 - 10))
-4
What is the value of -51 + 60 + (4 + 14 - -1)?
28
What is (1 - -6) + -9 - 13?
-15
-13 + 8 + 7 - 8
-6
7 + -16 + 4 - 22
-27
What is 69 - 11 - (80 + -56)?
34
Evaluate -2 + 8 - (18 - (7 - -5)).
0
What is the value of 12 + 1 - (15 + (-1 + -7 - -3))?
3
Evaluate -15 + 20 + (-7 - 10).
-12
Evaluate 0 + 33 - (-546 + 595).
-16
What is the value of 7 - (10 + 9 + -15) - 0?
3
What is (-1 + 2 - (21 + -53 - -52)) + -4?
-23
Evaluate (0 - 10) + 1 - (-14 + 9).
-4
Evaluate 2 + 2 + 0 + (1667 - 1670).
1
1 + (-12 - (1 - -2)) + (12 - 8)
-10
Evaluate -11 - (8 + 22 + -32 - (1 + -2)).
-10
Calculate 36 + -13 - ((23 - 21) + (-1 - -1)).
21
Evaluate (52 - (73 + -27)) + (1 - -13).
20
-7 - ((24 - (7 - -22)) + (-6 - -1))
3
What is -16 + -37 + -26 - -47?
-32
What is -9 + -10 + 24 + 7?
12
(-11 - (5 + 0 + -80 + 69)) + 10
5
-9 - (-22 - -16) - (-1 + (-8 - -1))
5
11 - (11 + (-26 - -26))
0
14 - (-14 - -7 - (4 + (-4 - -3)))
24
Evaluate (10 - 11) + (-1 - -22 - (-1 - 2)).
23
(7 - 15 - -9 - (20 - -1)) + 6
-14
Calculate -19 + 15 - (8 + -27) - (6 - -1).
8
1 + -5 + 25 - 8
13
What is 878 + -891 - (1 + -38)?
24
What is the value of -24 + (4 - 10 - -18)?
-12
What is (19 - (40 - 26)) + -41?
-36
-39 + 18 + 24 - 15
-12
What is the value of 11 - (5 - -5) - (6 - (-2 + -2))?
-9
What is the value of -6 - (-5 + 16) - -40?
23
3 + -13 - (-6 + -10 - -13)
-7
What is (-4 - (-8 - -23) - -8) + 18?
7
24 + (20 - (-6 - -40))
10
Evaluate -1 + -2 + 3 + -15 + -1 + -8.
-24
What is the value of 6 + (31 - (0 - -39))?
-2
What is 67 + -92 - (13 + -35)?
-3
Evaluate -25 + 5 + (0 - (3 + -2 - 2)).
-19
-32 + (27 - 17 - -15)
-7
Evaluate -244 + 220 - (-2 + -15).
-7
What is (-6 - -1) + (-65 + 21 - -44)?
-5
What is 1 + (-2 - -4) - (-69 + 74)?
-2
10 + 18 + (-12 - -1)
17
Calculate 5 + (-5 + 10 + -12 - -3) + -6.
-5
-24 + -25 + 47 + -19
-21
What is the value of 1 + 8 + -24 + 13?
-2
What is -16 + 5 + -6 + 27?
10
Calculate -26 + (8 + 8 - (5 - 3 - -4)).
-16
Calculate 6 - 0 - ((7 - 9 - -5) + 3).
0
Calculate (-17 - -7 - (-10 + 4)) + 3.
-1
What is 1 - (1 + -23) - (-3 + 7 - 1)?
20
What is the value of -24 + 19 + (1 - -6) + -6 + 2?
-2
What is (125 + -125 - (-10 - 1)) + -4?
7
What is the value of -1 + 2 + (-1 - 2) + (50 - 59)?
-11
Evaluate 88 - 79 - (1 + -10 + 2).
16
(11 - ((-4 + -5 - -6) + 1)) + 9
22
Calculate 6 + (-4 - (-11 + 9)) - -9.
13
What is -24 - -54 - (6 - 2)?
26
Calculate 8 + (-6 - (45 - 48 - (2 - 0))).
7
What is the value of 0 + (1 - (-2 + -1 + 9)) + 27?
22
Calculate -9 + (31 - 14) + -22.
-14
What is -23 + 8 - (34 - 56)?
7
-4 - -4 - (74 - 89)
15
What is (-6 + 2 + 2 - -5) + (-8 - -11)?
6
3 + 0 + -1 - (-26 + 10 + 22)
-4
Calculate -60 - (-19 - 23) - ((0 - -2) + -4).
-16
What is (-6 - (11 - 9)) +